{"id":2,"date":"2025-03-17T09:26:12","date_gmt":"2025-03-17T08:26:12","guid":{"rendered":"http:\/\/wycoticu.cyon.site\/?page_id=2"},"modified":"2025-04-15T11:26:41","modified_gmt":"2025-04-15T09:26:41","slug":"start","status":"publish","type":"page","link":"https:\/\/labuse-facts.com\/","title":{"rendered":"Start"},"content":{"rendered":"<div id='full_slider_1'  class='avia-fullwidth-slider main_color avia-shadow   avia-builder-el-0  el_before_av_section  avia-builder-el-first   container_wrap fullsize'  >\n<style type=\"text\/css\" data-created_by=\"avia_inline_auto\" id=\"style-css-av-m8xe6icy-074f853931265e3836551423fd45a797\">\n#top #wrap_all .avia-slideshow .av-slideshow-caption.av-m8xe6icy-074f853931265e3836551423fd45a797__0 .avia-caption-title{\nfont-size:36px;\n}\n\n@media only screen and (max-width: 479px){ \n#top #wrap_all .avia-slideshow .av-slideshow-caption.av-m8xe6icy-074f853931265e3836551423fd45a797__0 .avia-caption-title{\ndisplay:none;\n}\n}\n<\/style>\n<div  class='avia-slideshow av-m8xe6icy-074f853931265e3836551423fd45a797 avia-slideshow-featured_large av_slideshow_full avia-slide-slider av-slideshow-ui av-control-default av-slideshow-manual av-loop-once av-loop-manual-endless av-default-height-applied   avia-slideshow-1' data-slideshow-options=\"{&quot;animation&quot;:&quot;slide&quot;,&quot;autoplay&quot;:false,&quot;loop_autoplay&quot;:&quot;once&quot;,&quot;interval&quot;:5,&quot;loop_manual&quot;:&quot;manual-endless&quot;,&quot;autoplay_stopper&quot;:false,&quot;noNavigation&quot;:false,&quot;bg_slider&quot;:false,&quot;keep_padding&quot;:false,&quot;hoverpause&quot;:false,&quot;show_slide_delay&quot;:0}\"  itemprop=\"image\" itemscope=\"itemscope\" itemtype=\"https:\/\/schema.org\/ImageObject\" ><ul class='avia-slideshow-inner ' style='padding-bottom: 42%;'><li  class='avia-slideshow-slide av-m8xe6icy-074f853931265e3836551423fd45a797__0  slide-1 slide-odd'><div data-rel='slideshow-1' class='avia-slide-wrap '   ><div class='av-slideshow-caption av-m8xe6icy-074f853931265e3836551423fd45a797__0 caption_fullwidth caption_right caption_right_framed caption_framed'><div class=\"container caption_container\"><div class=\"slideshow_caption\"><div class=\"slideshow_inner_caption\"><div class=\"slideshow_align_caption\"><h2 class='avia-caption-title '  itemprop=\"name\" >Fakten &amp; Legenden<\/h2><\/div><\/div><\/div><\/div><\/div><img decoding=\"async\" fetchpriority=\"high\" class=\"wp-image-40 avia-img-lazy-loading-not-40\"  src=\"https:\/\/labuse-facts.com\/wp-content\/uploads\/2025\/03\/La-Buse-2-1500x630.png\" width=\"1500\" height=\"630\" title='La Buse' alt=''  itemprop=\"thumbnailUrl\"   \/><\/div><\/li><li  class='avia-slideshow-slide av-m8xe6icy-074f853931265e3836551423fd45a797__1  slide-2 slide-even'><div data-rel='slideshow-1' class='avia-slide-wrap '   ><img decoding=\"async\" fetchpriority=\"high\" class=\"wp-image-41 avia-img-lazy-loading-not-41\"  src=\"https:\/\/labuse-facts.com\/wp-content\/uploads\/2025\/03\/Daniel-und-Archaeologin-1500x630.png\" width=\"1500\" height=\"630\" title='Daniel und Archa\u0308ologin' alt=''  itemprop=\"thumbnailUrl\"   \/><\/div><\/li><li  class='avia-slideshow-slide av-m8xe6icy-074f853931265e3836551423fd45a797__2  slide-3 slide-odd'><div data-rel='slideshow-1' class='avia-slide-wrap '   ><img decoding=\"async\" fetchpriority=\"high\" class=\"wp-image-42 avia-img-lazy-loading-not-42\"  src=\"https:\/\/labuse-facts.com\/wp-content\/uploads\/2025\/03\/Barachois-1500x630.png\" width=\"1500\" height=\"630\" title='Barachois' alt=''  itemprop=\"thumbnailUrl\"   \/><\/div><\/li><li  class='avia-slideshow-slide av-m8xe6icy-074f853931265e3836551423fd45a797__3  slide-4 slide-even'><div data-rel='slideshow-1' class='avia-slide-wrap '   ><img decoding=\"async\" fetchpriority=\"high\" class=\"wp-image-38 avia-img-lazy-loading-not-38\"  src=\"https:\/\/labuse-facts.com\/wp-content\/uploads\/2025\/03\/flibuster-2-seiten-1500x630.png\" width=\"1500\" height=\"630\" title='flibuster 2 seiten' alt=''  itemprop=\"thumbnailUrl\"   \/><\/div><\/li><li  class='avia-slideshow-slide av-m8xe6icy-074f853931265e3836551423fd45a797__4  slide-5 slide-odd'><div data-rel='slideshow-1' class='avia-slide-wrap '   ><img decoding=\"async\" fetchpriority=\"high\" class=\"wp-image-782 avia-img-lazy-loading-not-782\"  src=\"https:\/\/labuse-facts.com\/wp-content\/uploads\/2025\/04\/Todesurteil_trans-4-1500x630.jpg\" width=\"1500\" height=\"630\" title='Todesurteil_trans' alt=''  itemprop=\"thumbnailUrl\"   \/><\/div><\/li><\/ul><div class='avia-slideshow-arrows avia-slideshow-controls' ><a href='#prev' class='prev-slide  avia-svg-icon avia-font-svg_entypo-fontello' data-av_svg_icon='left-open-big' data-av_iconset='svg_entypo-fontello' tabindex='-1' title=\"Zur\u00fcck\"><svg version=\"1.1\" xmlns=\"http:\/\/www.w3.org\/2000\/svg\" width=\"15\" height=\"32\" viewBox=\"0 0 15 32\" preserveAspectRatio=\"xMidYMid meet\" aria-labelledby='av-svg-title-1' aria-describedby='av-svg-desc-1' role=\"graphics-symbol\" aria-hidden=\"true\">\n<title id='av-svg-title-1'>Zur\u00fcck<\/title>\n<desc id='av-svg-desc-1'>Zur\u00fcck<\/desc>\n<path d=\"M14.464 27.84q0.832 0.832 0 1.536-0.832 0.832-1.536 0l-12.544-12.608q-0.768-0.768 0-1.6l12.544-12.608q0.704-0.832 1.536 0 0.832 0.704 0 1.536l-11.456 11.904z\"><\/path>\n<\/svg><span class='avia_hidden_link_text'>Zur\u00fcck<\/span><\/a><a href='#next' class='next-slide  avia-svg-icon avia-font-svg_entypo-fontello' data-av_svg_icon='right-open-big' data-av_iconset='svg_entypo-fontello' tabindex='-1' title=\"Weiter\"><svg version=\"1.1\" xmlns=\"http:\/\/www.w3.org\/2000\/svg\" width=\"15\" height=\"32\" viewBox=\"0 0 15 32\" preserveAspectRatio=\"xMidYMid meet\" aria-labelledby='av-svg-title-2' aria-describedby='av-svg-desc-2' role=\"graphics-symbol\" aria-hidden=\"true\">\n<title id='av-svg-title-2'>Weiter<\/title>\n<desc id='av-svg-desc-2'>Weiter<\/desc>\n<path d=\"M0.416 27.84l11.456-11.84-11.456-11.904q-0.832-0.832 0-1.536 0.832-0.832 1.536 0l12.544 12.608q0.768 0.832 0 1.6l-12.544 12.608q-0.704 0.832-1.536 0-0.832-0.704 0-1.536z\"><\/path>\n<\/svg><span class='avia_hidden_link_text'>Weiter<\/span><\/a><\/div><div class='avia-slideshow-dots avia-slideshow-controls'><a href='#1' class='goto-slide active' >1<\/a><a href='#2' class='goto-slide ' >2<\/a><a href='#3' class='goto-slide ' >3<\/a><a href='#4' class='goto-slide ' >4<\/a><a href='#5' class='goto-slide ' >5<\/a><\/div><\/div><\/div>\n\n<style type=\"text\/css\" data-created_by=\"avia_inline_auto\" id=\"style-css-av-m8y775td-9462e8b5bc4cbc16c174c712b9e6f8dc\">\n.avia-section.av-m8y775td-9462e8b5bc4cbc16c174c712b9e6f8dc{\nbackground-color:#eedac0;\nbackground-image:unset;\n}\n<\/style>\n<div id='av_section_1'  class='avia-section av-m8y775td-9462e8b5bc4cbc16c174c712b9e6f8dc main_color avia-section-default avia-no-border-styling  avia-builder-el-1  el_after_av_slideshow_full  avia-builder-el-last  avia-bg-style-scroll container_wrap fullsize'  ><div class='container av-section-cont-open' ><div class='template-page content  av-content-full alpha units'><div class='post-entry post-entry-type-page post-entry-2'><div class='entry-content-wrapper clearfix'>\n\n<style type=\"text\/css\" data-created_by=\"avia_inline_auto\" id=\"style-css-av-m8ctb1vy-9a876d96445d927f863433db17817757\">\n#top .av-special-heading.av-m8ctb1vy-9a876d96445d927f863433db17817757{\npadding-bottom:10px;\n}\nbody .av-special-heading.av-m8ctb1vy-9a876d96445d927f863433db17817757 .av-special-heading-tag .heading-char{\nfont-size:25px;\n}\n.av-special-heading.av-m8ctb1vy-9a876d96445d927f863433db17817757 .av-subheading{\nfont-size:15px;\n}\n<\/style>\n<div  class='av-special-heading av-m8ctb1vy-9a876d96445d927f863433db17817757 av-special-heading-h1 blockquote modern-quote  avia-builder-el-2  el_before_av_textblock  avia-builder-el-first '><h1 class='av-special-heading-tag '  itemprop=\"headline\"  >Fakten und Legenden<\/h1><div class=\"special-heading-border\"><div class=\"special-heading-inner-border\"><\/div><\/div><\/div>\n<section  class='av_textblock_section av-m8ctbryi-b6b4307247086c7a4e5cce908f045cec '   itemscope=\"itemscope\" itemtype=\"https:\/\/schema.org\/CreativeWork\" ><div class='avia_textblock'  itemprop=\"text\" ><hr \/>\n<h2>DER SCHATZ DES PIRATEN<\/h2>\n<p><a href=\"https:\/\/www.zdf.de\/play\/dokus\/terra-x-112\/der-schatz-des-piraten-doku-100?q=der+schatz+des+piraten\" target=\"_blank\" rel=\"noopener\"><img loading=\"lazy\" decoding=\"async\" class=\"details-image alignleft\" draggable=\"false\" src=\"https:\/\/labuse-facts.com\/wp-content\/uploads\/2025\/04\/schatz-des-piraten_schatten.png\" alt=\"\" width=\"291\" height=\"171\" \/><\/a><a href=\"https:\/\/www.youtube.com\/watch?v=EOonrOf2f_s\" target=\"_blank\" rel=\"noopener\"><img loading=\"lazy\" decoding=\"async\" class=\"details-image alignright\" draggable=\"false\" src=\"https:\/\/labuse-facts.com\/wp-content\/uploads\/2025\/04\/doku-SRF-1.png\" alt=\"\" width=\"297\" height=\"179\" \/><\/a><\/p>\n<p>Jetzt <strong><a href=\"https:\/\/www.zdf.de\/play\/dokus\/terra-x-112\/der-schatz-des-piraten-doku-100?q=der+schatz+des+piraten\" target=\"_blank\" rel=\"noopener\">HIER<\/a><\/strong> auf der ZDF-Mediathek und <a href=\"https:\/\/www.youtube.com\/watch?v=EOonrOf2f_s\" target=\"_blank\" rel=\"noopener\"><strong>HIER<\/strong><\/a> auf youtube streamen! Die Doku von Terra-X mit Daniel Krieg und Marina Carter, unterwegs im Indischen Ozean auf den Spuren von La Buse und des Kryptogramms.<\/p>\n<hr \/>\n<p>1730 wird auf La R\u00e9union, der damaligen <em>\u00ab\u00cele Bourbon\u00bb<\/em> der Pirat Olivier Levasseur, genannt <em>\u00abLa Buse\u00bb<\/em> geh\u00e4ngt. 204 Jahre sp\u00e4ter, im Jahr 1934 publiziert der Kurator der franz\u00f6sischen Biblioth\u00e8que Nationale, Charles de La Ronci\u00e8re ein kleines Buch mit dem Titel \u00abLe flibustier myst\u00e9rieux\u00bb. Darin enthalten ist das Bild eines Schriftst\u00fccks, das sp\u00e4ter als \u00abKryptogramm von La Buse\u00bb ber\u00fchmt wurde. In seinem Buch behauptet der Autor, der Pirat habe das Dokument kurz vor seiner Hinrichtung ins Publikum geworfen mit den Worten \u00abF\u00fcr den, der es entdeckt.\u00bb (Pour celui, qui le d\u00e9couvrira.)<\/p>\n<div style=\"width: 174px\" class=\"wp-caption alignleft\"><a href=\"https:\/\/labuse-facts.com\/index.php\/2025\/04\/06\/5-die-neue-transkription\/\"><img loading=\"lazy\" decoding=\"async\" class=\"details-image\" draggable=\"false\" src=\"https:\/\/wycoticu.cyon.site\/wp-content\/uploads\/2025\/04\/ganze-Transkription.png\" alt=\"\" width=\"164\" height=\"357\" \/><\/a><p class=\"wp-caption-text\">Die neue Transkription des Kryptogramms<\/p><\/div>\n<p>1721, neun Jahre bevor der Pirat geh\u00e4ngt wurde, hatte er zusammen mit \u00fcber 400 anderen Freibeutern ein portugiesisches Schiff gekapert, das von Goa nach Portugal unterwegs war. In seinem Laderaum ein Schatz von unvorstellbarem Wert, der nach dem \u00dcberfall angeblich irgendwo im Indischen Ozean vergraben worden sei. Seit der Publikation des Kryptogramms haben unz\u00e4hlige hoffnungsvolle Schatzsucher auf allen m\u00f6glichen Inseln nach diesem Schatz gesucht. Bisher vergeblich.<\/p>\n<p>Auf dieser Website m\u00f6chten wir alle Fakten rund um diese Geschehnisse zusammentragen und historische Ereignisse von Legenden trennen. Artikel rund um das Thema sollen auf verst\u00e4ndliche Weise die Geschichte der Piraterie im Indischen Ozean des 18. Jahrhunderts beleuchten. Wir publizieren historische Dokumente, zitieren aus einschl\u00e4gigen B\u00fcchern, liefern \u00dcbersetzungen, Links zu Publikationen und Film-Dokumentationen und stellen Downloads bereit. Und wir pr\u00e4sentieren eine neue \u00dcbersetzung des Kryptogramms.<\/p>\n<p>Auch Gastautoren sollen zu Wort kommen.<\/p>\n<p>Um unsere Kosten decken zu k\u00f6nnen gibt es zwei Teile auf dieser Website: Den frei zug\u00e4nglichen mit allen grundlegenden Informationen und einen <a href=\"https:\/\/labuse-facts.com\/index.php\/membership-join\/\">PREMIUM-Teil<\/a>, mit exlusiven Informationen f\u00fcr Abonnenten unserer Seite und der M\u00f6glichkeit von Downloads.<\/p>\n<p>Wir hoffen, mit unserer Seite einen wichtigen Beitrag zu liefern, um Licht ins Geheimnis um das Kryptogramm, dem Piraten Olivier Levasseur und seinem angeblichen Schatz zu bringen.<\/p>\n<hr \/>\n<h2><strong>Autoren<\/strong><\/h2>\n<p><strong>Daniel Krieg<\/strong> ist Schweizer Historiker und R\u00e4tselautor. Er hat sich seit dem Jahr 2020 intensiv mit dem <em>\u00abKryptogramm von La Buse\u00bb<\/em> besch\u00e4ftigt und mit einem Filmteam von ZDF und SRF eine zweiw\u00f6chige Expedition in den Indischen Ozean unternommen, auf den Spuren zur L\u00f6sung des jahrhundertealten R\u00e4tsels. Als historische Beraterin fungierte <em>Marina Carter<\/em>.<\/p>\n<p><strong>Dr. Marina Carter<\/strong> ist ausgebildete Historikerin und hat an der Universit\u00e4t Oxford promoviert. Sie ist Spezialistin f\u00fcr die s\u00fcdwestlichen Inseln im Indischen Ozean. Ausserhalb des akademischen Bereichs hat Dr. Carter als Beraterin f\u00fcr Geschichte und Kulturerbe gearbeitet und eine Reihe von B\u00fcchern und Artikeln verfasst, unter anderem \u00fcber die Geschichte der Piraterie.<\/p>\n<hr \/>\n<h2><strong><a href=\"https:\/\/labuse-facts.com\/index.php\/alle-artikel-la-buse\/\">Alle Artikel La Buse<\/a><br \/>\n<\/strong><\/h2>\n<p><a href=\"https:\/\/labuse-facts.com\/index.php\/alle-artikel-la-buse\/\"><img loading=\"lazy\" decoding=\"async\" class=\"details-image alignleft\" draggable=\"false\" src=\"https:\/\/wycoticu.cyon.site\/wp-content\/uploads\/2025\/04\/alle-la-buse.png\" alt=\"\" width=\"140\" height=\"99\" \/><\/a><\/p>\n<p><a href=\"https:\/\/labuse-facts.com\/index.php\/alle-artikel-la-buse\/\">Das Leben und Wirken des ber\u00fchmtesten franz\u00f6sischen Piraten des 18. Jahrhundertes.<\/a><\/p>\n<p>(Auf den Titelbalken, das Bild oder den Text klicken, um alle Artikel anzuzeigen.)<\/p>\n<hr \/>\n<h2><strong><a href=\"https:\/\/labuse-facts.com\/index.php\/alle-artikel-kryptogramm-2\/\">Alle Artikel Kryptogramm<\/a><br \/>\n<\/strong><\/h2>\n<p><a href=\"https:\/\/labuse-facts.com\/index.php\/alle-artikel-kryptogramm\/\"><img loading=\"lazy\" decoding=\"async\" class=\"details-image alignleft\" draggable=\"false\" src=\"https:\/\/wycoticu.cyon.site\/wp-content\/uploads\/2025\/04\/alle-Kryptogramm.png\" alt=\"\" width=\"140\" height=\"99\" \/><\/a><\/p>\n<p><a href=\"https:\/\/labuse-facts.com\/index.php\/alle-artikel-kryptogramm\/\">Die Geheimschrift, die seit 90 Jahre lang die Fantasien vieler Menschen spriessen l\u00e4sst in allen ihren Aspekten.<\/a><\/p>\n<p>(Auf den Titelbalken, das Bild oder den Text klicken, um alle Artikel anzuzeigen.)<\/p>\n<hr \/>\n<h2><a href=\"https:\/\/labuse-facts.com\/\/index.php\/alle-artikel-hintergruende\/\"><strong>Alle Artikel Hintergr\u00fcnde<\/strong><\/a><\/h2>\n<p><a href=\"https:\/\/labuse-facts.com\/index.php\/alle-artikel-hintergruende\/\"><img loading=\"lazy\" decoding=\"async\" class=\"details-image alignleft\" draggable=\"false\" src=\"https:\/\/wycoticu.cyon.site\/wp-content\/uploads\/2025\/04\/alle-hintergruende.png\" alt=\"\" width=\"140\" height=\"99\" \/><\/a><\/p>\n<p><a href=\"https:\/\/labuse-facts.com\/index.php\/alle-artikel-hintergruende\/\">Geschichten und Geschichte rund um die \u00abGoldene \u00c4ra der Piraterie\u00bb, La Buse und das Kryptogramm.<\/a><\/p>\n<p>(Auf den Titelbalken, das Bild oder den Text klicken, um alle Artikel anzuzeigen.)<\/p>\n<hr \/>\n<h2><span style=\"color: #ffff99;\">M\u00f6glichkeit zur Mitarbeit<\/span><\/h2>\n<hr \/>\n<p><img loading=\"lazy\" decoding=\"async\" class=\"details-image alignleft\" draggable=\"false\" src=\"https:\/\/labuse-facts.com\/wp-content\/uploads\/2025\/04\/we-want-you-2.png\" alt=\"\" width=\"205\" height=\"146\" \/><\/p>\n<p>Sind Sie Historiker, Schatzsucher oder haben sonst wichtige Informationen zum Thema La Buse, Kryptogramm oder den historischen Hintergr\u00fcnden? Dann schreiben Sie uns! Sie bekommen einen Gratis-Zugang zu allen Premium-Inhalten und die Gelegenheit, Artikel auf unserer Seite zu publizieren.<\/p>\n<p><strong><a href=\"mailto:info@labuse-facts.com\">info@labuse-facts.com<\/a><\/strong><\/p>\n<hr \/>\n<h2><a href=\"https:\/\/labuse-facts.com\/index.php\/newsletter\/\">Newsletter<\/a><\/h2>\n<p>Diese Website wird laufend durch neue Artikel, Downloads und Quellen erg\u00e4nzt. Falls Sie auf dem laufenden gehalten werden m\u00f6chten, dann abonnieren Sie bitte den <a href=\"https:\/\/labuse-facts.com\/index.php\/newsletter\/\">Newsletter<\/a>. Sie erhalten ihn auch, wenn sie nicht <a href=\"https:\/\/labuse-facts.com\/index.php\/membership-join\/\">PREMIUM-Mitglied<\/a> sind.<\/p>\n<\/div><\/section>\n\n","protected":false},"excerpt":{"rendered":"","protected":false},"author":1,"featured_media":0,"parent":0,"menu_order":0,"comment_status":"closed","ping_status":"closed","template":"","meta":{"footnotes":""},"class_list":["post-2","page","type-page","status-publish","hentry"],"_links":{"self":[{"href":"https:\/\/labuse-facts.com\/index.php\/wp-json\/wp\/v2\/pages\/2","targetHints":{"allow":["GET"]}}],"collection":[{"href":"https:\/\/labuse-facts.com\/index.php\/wp-json\/wp\/v2\/pages"}],"about":[{"href":"https:\/\/labuse-facts.com\/index.php\/wp-json\/wp\/v2\/types\/page"}],"author":[{"embeddable":true,"href":"https:\/\/labuse-facts.com\/index.php\/wp-json\/wp\/v2\/users\/1"}],"replies":[{"embeddable":true,"href":"https:\/\/labuse-facts.com\/index.php\/wp-json\/wp\/v2\/comments?post=2"}],"version-history":[{"count":217,"href":"https:\/\/labuse-facts.com\/index.php\/wp-json\/wp\/v2\/pages\/2\/revisions"}],"predecessor-version":[{"id":4172,"href":"https:\/\/labuse-facts.com\/index.php\/wp-json\/wp\/v2\/pages\/2\/revisions\/4172"}],"wp:attachment":[{"href":"https:\/\/labuse-facts.com\/index.php\/wp-json\/wp\/v2\/media?parent=2"}],"curies":[{"name":"wp","href":"https:\/\/api.w.org\/{rel}","templated":true}]}}